{"id":670,"date":"2020-10-07T13:58:59","date_gmt":"2020-10-07T13:58:59","guid":{"rendered":"http:\/\/tanjas-shop.de\/?post_type=product&#038;p=670"},"modified":"2020-10-07T14:51:10","modified_gmt":"2020-10-07T14:51:10","slug":"lascana-armband-set-3-tlg-armbandset","status":"publish","type":"product","link":"http:\/\/tanjas-shop.de\/?product=lascana-armband-set-3-tlg-armbandset","title":{"rendered":"LASCANA Armband Set, 3-tlg. Armbandset"},"content":{"rendered":"<h5 class=\"prd_details__headline\" style=\"text-align: left;\">Details<\/h5>\n<div class=\"prd_moreBox js_prd_moreBox\" data-scrollto=\".js_prd_details\">\n<div class=\"js_prd_moreBox__contentWrapper prd_moreBox__contentWrapper prd_moreBox__contentWrapper--largeGradient\">\n<div class=\"prd_moreBox__content js_prd_moreBox__content\" lang=\"de\">\n<table class=\"dv_characteristicsTable\">\n<tbody>\n<tr>\n<td class=\"left\">Material<\/td>\n<td>Textil, Metall<\/td>\n<\/tr>\n<tr>\n<td class=\"left\">Besondere Merkmale<\/td>\n<td>3-tlg. Armbandset<\/td>\n<\/tr>\n<tr>\n<td class=\"left\">Stil<\/td>\n<td>feminin<\/td>\n<\/tr>\n<tr>\n<td class=\"left\" style=\"text-align: left;\">Anzahl Schmuckteile<\/td>\n<td>\n<p style=\"text-align: left;\">3<\/p>\n<\/td>\n<\/tr>\n<\/tbody>\n<\/table>\n<\/div>\n<\/div>\n<\/div>\n","protected":false},"excerpt":{"rendered":"<div class=\"prd_module prd_module--noLine prd_detailShortInfo\">\n<h2 class=\"prd_detailShortInfo__headline\">Artikelbeschreibung<\/h2>\n<div id=\"articleNr\" class=\"prd_detailShortInfo__articleNr js_prd_detailShortInfo__articleNr\" data-qa=\"articleNr\">Artikel-Nr. 3846465580<\/div>\n<\/div>\n<div class=\"js_prd_detailIconsTarget\" data-type=\"quality\"><\/div>\n<div class=\"js_prd_detailIconsTarget\" data-type=\"cut\"><\/div>\n<div class=\"prd_module prd_module--noLine prd_sellingPoints js_prd_sellingPoints\">\n<ul class=\"prd_unorderedList\">\n<li>z.T. mit Textil\u00fcberzogen in toller Optik<\/li>\n<li>Werten jedes Outfit auf<\/li>\n<li>einzeln oder zusammen tragbar<\/li>\n<li>Armband Set im Ethno Look<\/li>\n<\/ul>\n<\/div>\n<div id=\"description\" class=\"prd_module prd_module--noLine prd_module--largeGap prd_description js_prd_description\">\n<div class=\"prd_moreBox js_prd_moreBox\" data-scrollto=\"#articleNr\">\n<div class=\"js_prd_moreBox__contentWrapper prd_moreBox__contentWrapper prd_moreBox__contentWrapper--largeGradient\">\n<div class=\"prd_moreBox__content js_prd_moreBox__content\">Das 3-teilige Armbandset von Lascana verspr\u00fcht schon auf den ersten Blick Urlaubsgef\u00fchle und ist das fehlende Detail in deinem neuen Beach-Outfit. Da alle Accessoires einzeln zu tragen sind, kannst du je nach Stimmung entscheiden, in welcher Zusammenstellung du das Set tragen m\u00f6chtest. Die Kombination aus Stoff und Metall verleiht den Schmuckst\u00fccken einen einzigartigen Ethno-Look. Wenn du im Bikini am Strand flanierst oder mit einem kurzen Jumpsuit zum n\u00e4chsten Eiscaf\u00e9 schlenderst, dann werden alle Blicke auf dein neues Armbandset von Lascana gerichtet sein.<\/div>\n<\/div>\n<\/div>\n<\/div>\n","protected":false},"featured_media":666,"template":"","meta":[],"product_cat":[15,157],"product_tag":[160,159,161,158],"_links":{"self":[{"href":"http:\/\/tanjas-shop.de\/index.php?rest_route=\/wp\/v2\/product\/670"}],"collection":[{"href":"http:\/\/tanjas-shop.de\/index.php?rest_route=\/wp\/v2\/product"}],"about":[{"href":"http:\/\/tanjas-shop.de\/index.php?rest_route=\/wp\/v2\/types\/product"}],"wp:featuredmedia":[{"embeddable":true,"href":"http:\/\/tanjas-shop.de\/index.php?rest_route=\/wp\/v2\/media\/666"}],"wp:attachment":[{"href":"http:\/\/tanjas-shop.de\/index.php?rest_route=%2Fwp%2Fv2%2Fmedia&parent=670"}],"wp:term":[{"taxonomy":"product_cat","embeddable":true,"href":"http:\/\/tanjas-shop.de\/index.php?rest_route=%2Fwp%2Fv2%2Fproduct_cat&post=670"},{"taxonomy":"product_tag","embeddable":true,"href":"http:\/\/tanjas-shop.de\/index.php?rest_route=%2Fwp%2Fv2%2Fproduct_tag&post=670"}],"curies":[{"name":"wp","href":"https:\/\/api.w.org\/{rel}","templated":true}]}}